{"id":29484,"date":"2026-01-08T11:09:02","date_gmt":"2026-01-08T10:09:02","guid":{"rendered":"https:\/\/www.totemguard.com\/aulatotem\/?page_id=29484"},"modified":"2026-01-08T16:21:17","modified_gmt":"2026-01-08T15:21:17","slug":"academy-totemguard","status":"publish","type":"page","link":"https:\/\/www.totemguard.com\/aulatotem\/","title":{"rendered":"Academy TotemGuard"},"content":{"rendered":"<h1>Academy TotemGuard<\/h1>\n<h2>Domina la IA y las competenciasdigitales para impulsartu carrera docente.<\/h2>\n<p>Descubre recursos innovadores y herramientas de IA dise\u00f1adas espec\u00edficamente para profesores y profesionales de la educaci\u00f3n. Transforma tus clases y desarrolla tus competencias digitales con&nbsp;<\/p>\n<p>Academy TotemGuard.<\/p>\n<p><a aria-label=\"Button link\" href=\"https:\/\/www.totemguard.com\/aulatotem\/competencias-digitales-ia-docentes\/\" class=\"op3-element__tcp--non-a op3-link op3-background-ancestor\" target=\"_blank\"  data-op-action=\"link\" data-op-select-funnel-step=\"\" data-op3-smooth-scroll=\"0\" data-op-effect-style=\"\" data-op-effect-style-hover=\"\" data-op-courseaction=\"\">Gu\u00eda de competencias IA&nbsp;\u2192<\/a><\/p>\n<h2>La IA no viene a quitarte el trabajo\u2026viene a quitarte trabajo.<\/h2>\n<p><img loading=\"lazy\" decoding=\"async\" class=\"op3-element__image op3-element-image__image\" src=\"https:\/\/www.totemguard.com\/aulatotem\/wp-content\/uploads\/2025\/10\/Generated-Image-October-08-2025-2_37PM-4.jpg\" alt=\"\" title=\"Generated Image October 08, 2025 - 2_37PM (4)\" width=\"928\" height=\"1004\" data-op3-attachment-id=\"29626\" \/><\/p>\n<p>Te ayudamos a integrar la inteligencia artificial y las competencias digitales en tu trabajo de forma clara y sin complicaciones.<\/p>\n<p>En Academy Totemguard cada recurso, desde nuestros art\u00edculos y gu\u00edas pr\u00e1cticas hasta los cursos online y newsletter semanal, est\u00e1 dise\u00f1ado para que puedas aplicarlo desde el primer d\u00eda y notar la diferencia en tu carga de trabajo y en la calidad de tu ense\u00f1anza o formaci\u00f3n.Nuestros contenidos son pr\u00e1cticos, accesibles y centrados en resultados inmediatos, para que la IA deje de ser un misterio y se convierta en tu mejor aliada.\u2028Incluso si no sabes por d\u00f3nde empezar, podr\u00e1s avanzar paso a paso y dominar la IA con total confianza.<\/p>\n<p><a aria-label=\"Button link\" href=\"https:\/\/www.totemguard.com\/aulatotem\/competencias-digitales-ia-docentes\/\" class=\"op3-element__tcp--non-a op3-link op3-background-ancestor\" target=\"_blank\"  data-op-action=\"link\" data-op-select-funnel-step=\"\" data-op3-smooth-scroll=\"0\" data-op-effect-style=\"\" data-op-effect-style-hover=\"\" data-op-courseaction=\"\">Empieza con tu E-book<\/a><a aria-label=\"Button link\" href=\"https:\/\/www.totemguard.com\/aulatotem\/recursos-ia-educativos\/\" class=\"op3-element__tcp--non-a op3-link op3-background-ancestor\" target=\"_blank\"  data-op-action=\"link\" data-op-select-funnel-step=\"\" data-op3-smooth-scroll=\"0\" data-op-effect-style=\"\" data-op-effect-style-hover=\"\" data-op-courseaction=\"\">Aprende con el Blog<\/a><\/p>\n<h2>\u00bfListo para convertir la IA entu aliada y no en un misterio?<\/h2>\n<p>Descubre en esta gu\u00eda gratuita las 16 competencias IA que te ayudar\u00e1n a ahorrar tiempo, mejorar tus clases, destacar como docente en 2026.Con 49 p\u00e1ginas ilustradas, aprender\u00e1s cada competencia en detalle junto a las mejores herramientas de IA para aplicarlas f\u00e1cilmente.<\/p>\n<p>He le\u00eddo y acepto la pol\u00edtica de privacidad<a aria-label=\"Button link\" href=\"#\" class=\"op3-element__tcp--non-a op3-link op3-background-ancestor\" target=\"_self\"  data-op-action=\"link\" data-op-select-funnel-step=\"\" data-op3-smooth-scroll=\"0\" data-op-effect-style=\"\" data-op-effect-style-hover=\"\" data-op-courseaction=\"\">Env\u00edamelo<\/a><img decoding=\"async\" class=\"op3-element__image op3-element-image__image\" src=\"https:\/\/www.totemguard.com\/aulatotem\/wp-content\/uploads\/2025\/10\/u3331248157_A_minimal_warm-toned_office_scene_with_a_person_t_1d88bd0d-6d4c-449a-b0fc-dbf2d8ee021e_3.jpg\" alt=\"\" title=\"u3331248157_A_minimal_warm-toned_office_scene_with_a_person_t_1d88bd0d-6d4c-449a-b0fc-dbf2d8ee021e_3\" width=\"799\" data-op3-attachment-id=\"29640\" \/><\/p>\n<h2>Recursos pr\u00e1cticos paraeducadores modernos<\/h2>\n<h2>Accede a herramientas y estrategias pr\u00e1cticas para una ense\u00f1anza eficaz<\/h2>\n<h2>Blog<\/h2>\n<h2>Art\u00edculos con soluciones reales para tus clases<\/h2>\n<p><a aria-label=\"Button link\" href=\"https:\/\/www.totemguard.com\/aulatotem\/recursos-ia-educativos\/\" class=\"op3-element__tcp--non-a op3-link op3-background-ancestor\" target=\"_blank\"  data-op-action=\"link\" data-op-select-funnel-step=\"\" data-op3-smooth-scroll=\"0\" data-op-effect-style=\"\" data-op-effect-style-hover=\"\" data-op-courseaction=\"\">Leer art\u00edculos<\/a><\/p>\n<h2>Gu\u00edas pr\u00e1cticas<\/h2>\n<h2>Recursos descargables para aplicar la IA y avanzar en tu carrera.<\/h2>\n<p><a aria-label=\"Button link\" href=\"https:\/\/www.totemguard.com\/aulatotem\/competencias-digitales-ia-docentes\/\" class=\"op3-element__tcp--non-a op3-link op3-background-ancestor\" target=\"_blank\"  data-op-action=\"link\" data-op-select-funnel-step=\"\" data-op3-smooth-scroll=\"0\" data-op-effect-style=\"\" data-op-effect-style-hover=\"\" data-op-courseaction=\"\">Descargar gu\u00eda<\/a><\/p>\n<h2>Formaci\u00f3n continua TotemAI<\/h2>\n<h2>Newsletter semanal con novedades y estrategias para impulsar tu desarrollo docente, directamente en tu bandeja de entrada.<\/h2>\n<p><a aria-label=\"Button link\" href=\"https:\/\/academy.totemguard.com\/\" class=\"op3-element__tcp--non-a op3-link op3-background-ancestor\" target=\"_blank\"  data-op-action=\"link\" data-op-select-funnel-step=\"\" data-op3-smooth-scroll=\"0\" data-op-effect-style=\"\" data-op-effect-style-hover=\"\" data-op-courseaction=\"\">Suscribirme gratis<\/a><\/p>\n<h2>Experiencias docentes<\/h2>\n<h4>Juan Carlos Garc\u00eda P\u00e9rez<\/h4>\n<p>Profesor Formaci\u00f3n Profesional<\/p>\n<p><img loading=\"lazy\" decoding=\"async\" class=\"op3-element__image op3-element-image__image\" src=\"https:\/\/www.totemguard.com\/aulatotem\/wp-content\/uploads\/2025\/10\/u3331248157_flat_minimalist_icon_illustration_of_a_lightbulb__a8331912-e645-41ea-987f-4d3d2c9742d9_2.png\" alt=\"\" title=\"u3331248157_flat_minimalist_icon_illustration_of_a_lightbulb__a8331912-e645-41ea-987f-4d3d2c9742d9_2\" width=\"1024\" height=\"1024\" data-op3-attachment-id=\"29669\" \/><\/p>\n<p>He adquirido conocimientos actualizados en esta tecnolog\u00eda en crecimiento, y tambi\u00e9n me ha dado herramientas pr\u00e1cticas para integrar conceptos de IA en mi trabajo como profesor de Formaci\u00f3n Profesional, haciendo mis clases m\u00e1s innovadoras  y comprensibles<\/p>\n<\/p>\n<h4>Carmen Bastida Mart\u00edn<\/h4>\n<p>Profesora de franc\u00e9s Highlands Sevilla<\/p>\n<p><img loading=\"lazy\" decoding=\"async\" class=\"op3-element__image op3-element-image__image\" src=\"https:\/\/www.totemguard.com\/aulatotem\/wp-content\/uploads\/2025\/10\/Captura-de-pantalla-2025-10-20-a-las-11.50.41.png\" alt=\"\" title=\"Captura de pantalla 2025-10-20 a las 11.50.41\" width=\"1024\" height=\"1024\" data-op3-attachment-id=\"29666\" \/><\/p>\n<p>Sinceramente vuestros cursos son los \u00fanicos que hoy por hoy me resultan interesantes, siempre a la \u00faltima y con una estructura f\u00e1cil de seguir y bien organizada. Lo recomendar\u00eda por vuestro buen hacer y lo bien estructurado que est\u00e1 tanto en contenidos como en feedback , evaluaci\u00f3n y posibilidad de disponer del mismo a posteriori<\/p>\n<\/p>\n<h4>Eduardo \u00dabeda Guti\u00e9rrez<\/h4>\n<p>Profesor Colegio Areteia<\/p>\n<p><img loading=\"lazy\" decoding=\"async\" class=\"op3-element__image op3-element-image__image\" src=\"https:\/\/www.totemguard.com\/aulatotem\/wp-content\/uploads\/2025\/10\/u3331248157_flat_minimalist_icon_illustration_of_a_lightbulb__a8331912-e645-41ea-987f-4d3d2c9742d9_2.png\" alt=\"\" title=\"u3331248157_flat_minimalist_icon_illustration_of_a_lightbulb__a8331912-e645-41ea-987f-4d3d2c9742d9_2\" width=\"1024\" height=\"1024\" data-op3-attachment-id=\"29669\" \/><\/p>\n<p>Todos los cursos de Totemguard son muy buenos. Enhorabuena por la calidad tambi\u00e9n de este de IA. Me ha gustado mucho y ha sido muy interesante todo lo aprendido.<\/p>\n<\/p>\n<h2>Instituciones que ya conf\u00edan en Academy TotemGuard.<\/h2>\n<p><img loading=\"lazy\" decoding=\"async\" class=\"op3-element__image op3-element-image__image\" src=\"https:\/\/www.totemguard.com\/aulatotem\/wp-content\/uploads\/2025\/10\/Logo-empresas.png\" alt=\"\" title=\"Logo-empresas\" width=\"1684\" height=\"824\" data-op3-attachment-id=\"29596\" \/><\/p>\n<p>Insp\u00edrate con nuevas ideas para tus clases. Aqu\u00ed encontrar\u00e1s recursos, tendencias y estrategias que puedes aplicar desde hoy mismo.<\/p>\n<h2>\u00daltimamenteen el blog&#8230;<\/h2>\n<p><img decoding=\"async\" class=\"op3-element__image op3-element-image__image\" src=\"https:\/\/www.totemguard.com\/aulatotem\/wp-content\/uploads\/2025\/07\/u3331248157_make_a_scale_where_one_side_has_a_laptop_and_the__9d6cd909-8951-45ef-b5a6-e20aa6f36fa4_1-1-min.png\" alt=\"IA Generativa y los niveles de Bloom: &iquest;D&oacute;nde sobresale la IA y d&oacute;nde el docente?\" title=\"IA Generativa y los niveles de Bloom: &iquest;D&oacute;nde sobresale la IA y d&oacute;nde el docente?\" width=\"\" height=\"\" data-op3-attachment-id=\"\" \/><\/p>\n<h4><a href=\"https:\/\/www.totemguard.com\/aulatotem\/2025\/07\/ia-generativa-niveles-bloom-donde-sobresale-ia-donde-docente\/\" target=\"_blank\">IA Generativa y los niveles de Bloom: \u00bfD\u00f3nde sobresale la IA y d\u00f3nde el docente?<\/a><\/h4>\n<p><img decoding=\"async\" class=\"op3-element__image op3-element-image__image\" src=\"https:\/\/www.totemguard.com\/aulatotem\/wp-content\/uploads\/2025\/02\/u3331248157_geometric_silhouette_of_a_teacher_surrounded_by_f_1aaad47b-aef7-4015-b72a-9aa08db71bea_2-min.png\" alt=\"Proyectos en ChatGPT: Tu asistente personal para crear materiales adaptados sin duplicar esfuerzos\" title=\"Proyectos en ChatGPT: Tu asistente personal para crear materiales adaptados sin duplicar esfuerzos\" width=\"\" height=\"\" data-op3-attachment-id=\"\" \/><\/p>\n<h4><a href=\"https:\/\/www.totemguard.com\/aulatotem\/2025\/02\/proyectos-chatgpt-crear-materiales-educativos\/\" target=\"_blank\">Proyectos en ChatGPT: Tu asistente personal para crear materiales adaptados sin duplicar esfuerzos<\/a><\/h4>\n<p><img decoding=\"async\" class=\"op3-element__image op3-element-image__image\" src=\"https:\/\/www.totemguard.com\/aulatotem\/wp-content\/uploads\/2025\/02\/u3331248157_i_want_a_minimal_composition_of_a_laptop_on_a_tab_eaa3dd4a-17f5-4d7a-b147-fdb24070fecb_2-min.png\" alt=\"Adi&oacute;s Google: Ahorra horas de investigaci&oacute;n con Perplexity AI (ejemplos pr&aacute;cticos)\" title=\"Adi&oacute;s Google: Ahorra horas de investigaci&oacute;n con Perplexity AI (ejemplos pr&aacute;cticos)\" width=\"\" height=\"\" data-op3-attachment-id=\"\" \/><\/p>\n<h4><a href=\"https:\/\/www.totemguard.com\/aulatotem\/2025\/02\/adios-google-ahorra-horas-de-investigacion-con-perplexity-ai-con-ejemplos-practicos\/\" target=\"_blank\">Adi\u00f3s Google: Ahorra horas de investigaci\u00f3n con Perplexity AI (ejemplos pr\u00e1cticos)<\/a><\/h4>\n<h2>Tu actualizaci\u00f3n semanal en tecnolog\u00eda educativa e IA<\/h2>\n<p>Con tan solo 5 minutos de lectura a la semana recibir\u00e1s estrategias pr\u00e1cticas, herramientas probadas y reflexiones pedag\u00f3gicas que ya ayudan a m\u00e1s de 30.000 docentes a ahorrar tiempo, ense\u00f1ar mejor y avanzar en su carrera.<\/p>\n<p><a aria-label=\"Button link\" href=\"https:\/\/academy.totemguard.com\/\" class=\"op3-element__tcp--non-a op3-link op3-background-ancestor\" target=\"_blank\"  data-op-action=\"link\" data-op-select-funnel-step=\"\" data-op3-smooth-scroll=\"0\" data-op-effect-style=\"\" data-op-effect-style-hover=\"\" data-op-courseaction=\"\">UNIRME GRATIS<\/a><\/p>\n<p>Academy&nbsp;Totemguard<\/p>\n<p>Formaci\u00f3n y recursos en tecnolog\u00eda educativa e inteligencia artificial.<\/p>\n<p>Recibe consejos semanales directamente en tu bandeja de entrada.<\/p>\n<p><a aria-label=\"Link\" class=\"op3-element__link op3-element-icon__link op3-element__tcp--non-a op3-link\" href=\"https:\/\/academy.totemguard.com\/\" target=\"_blank\"  data-op-action=\"link\" data-op-select-funnel-step=\"\" data-op3-smooth-scroll=\"0\"><\/a><\/p>\n<p>Subscr\u00edbete a TotemAI<\/p>\n<p>Contacto<\/p>\n<p><a aria-label=\"Button link\" href=\"\" class=\"op3-element__tcp--non-a op3-link op3-background-ancestor\" target=\"_self\"  data-op-action=\"link\" data-op-select-funnel-step=\"\" data-op3-smooth-scroll=\"0\" data-op-effect-style=\"\" data-op-effect-style-hover=\"\" data-op-courseaction=\"\">comunicacion@totemguard.com<\/a><a aria-label=\"Button link\" href=\"\" class=\"op3-element__tcp--non-a op3-link op3-background-ancestor\" target=\"_self\"  data-op-action=\"link\" data-op-select-funnel-step=\"\" data-op3-smooth-scroll=\"0\" data-op-effect-style=\"\" data-op-effect-style-hover=\"\" data-op-courseaction=\"\">+34932000088<\/a><\/p>\n<p>Barcelona,<\/p>\n<p>Espa\u00f1a<\/p>\n<p>Explora la web<\/p>\n<p><a  href=\"https:\/\/www.totemguard.com\/aulatotem\/\" class=\"op3-list-menu-link\">INICIO<\/a><a  href=\"https:\/\/www.totemguard.com\/aulatotem\/cursos-tic-competencias-digitales\/\" class=\"op3-list-menu-link\">CURSOS<\/a><a  href=\"https:\/\/www.totemguard.com\/aulatotem\/recursos\/\" class=\"op3-list-menu-link\">RECURSOS<\/a><a  href=\"https:\/\/www.totemguard.com\/aulatotem\/contacto\/\" class=\"op3-list-menu-link\">SOBRE MI<\/a><a  href=\"https:\/\/academy.totemguard.com\/ebook-gratuito-herramientas-tic-profesores-aula\/?utm_source=Blog&#038;utm_medium=Blog&#038;utm_campaign=TIC_Ebook\" class=\"op3-list-menu-link\">EBOOK GRATUITO<\/a><\/p>\n<p>Redes sociales<\/p>\n<p><a aria-label=\"Link\" class=\"op3-element__link op3-element-icon__link op3-element__tcp--non-a op3-link\" href=\"https:\/\/facebook.com\/totemguard\" target=\"_blank\"  data-op-action=\"link\" data-op-select-funnel-step=\"\" data-op3-smooth-scroll=\"0\"><\/a><\/p>\n<p>Facebook<\/p>\n<p><a aria-label=\"Link\" class=\"op3-element__link op3-element-icon__link op3-element__tcp--non-a op3-link\" href=\"https:\/\/x.com\/totemguard\" target=\"_blank\"  data-op-action=\"link\" data-op-select-funnel-step=\"\" data-op3-smooth-scroll=\"0\"><\/a><\/p>\n<p>Twitter<\/p>\n<p><a aria-label=\"Link\" class=\"op3-element__link op3-element-icon__link op3-element__tcp--non-a op3-link\" href=\"https:\/\/es.linkedin.com\/in\/meritxellvinaspinto\" target=\"_blank\"  data-op-action=\"link\" data-op-select-funnel-step=\"\" data-op3-smooth-scroll=\"0\"><\/a><\/p>\n<p>Linkedin<\/p>\n<p><a aria-label=\"Link\" class=\"op3-element__link op3-element-icon__link op3-element__tcp--non-a op3-link\" href=\"https:\/\/www.youtube.com\/user\/totemguard\/featured\" target=\"_blank\"  data-op-action=\"link\" data-op-select-funnel-step=\"\" data-op3-smooth-scroll=\"0\"><\/a><\/p>\n<p>Youtube<\/p>\n<p><a aria-label=\"Link\" class=\"op3-element__link op3-element-icon__link op3-element__tcp--non-a op3-link\" href=\"https:\/\/www.instagram.com\/totemguard\/\" target=\"_blank\"  data-op-action=\"link\" data-op-select-funnel-step=\"\" data-op3-smooth-scroll=\"0\"><\/a><\/p>\n<p>Instagram<\/p>\n<p>\u00a9 Copyright TotemGuard 2026. Todos los derechos reservados.<\/p>\n","protected":false},"excerpt":{"rendered":"<p>Academy TotemGuard Domina la IA y las competenciasdigitales para impulsartu carrera docente. Descubre recursos innovadores y herramientas de IA dise\u00f1adas espec\u00edficamente para profesores y profesionales de la educaci\u00f3n. Transforma tus clases y desarrolla tus competencias digitales con&nbsp; Academy TotemGuard. Gu\u00eda de competencias IA&nbsp;\u2192 La IA no viene a quitarte el trabajo\u2026viene a quitarte trabajo. Te [&hellip;]<\/p>\n","protected":false},"author":2,"featured_media":0,"parent":0,"menu_order":0,"comment_status":"closed","ping_status":"closed","template":"op_builder_blank","meta":{"jetpack_post_was_ever_published":false,"footnotes":""},"class_list":["post-29484","page","type-page","status-publish","hentry"],"aioseo_notices":[],"jetpack_sharing_enabled":true,"_links":{"self":[{"href":"https:\/\/www.totemguard.com\/aulatotem\/wp-json\/wp\/v2\/pages\/29484","targetHints":{"allow":["GET"]}}],"collection":[{"href":"https:\/\/www.totemguard.com\/aulatotem\/wp-json\/wp\/v2\/pages"}],"about":[{"href":"https:\/\/www.totemguard.com\/aulatotem\/wp-json\/wp\/v2\/types\/page"}],"author":[{"embeddable":true,"href":"https:\/\/www.totemguard.com\/aulatotem\/wp-json\/wp\/v2\/users\/2"}],"replies":[{"embeddable":true,"href":"https:\/\/www.totemguard.com\/aulatotem\/wp-json\/wp\/v2\/comments?post=29484"}],"version-history":[{"count":140,"href":"https:\/\/www.totemguard.com\/aulatotem\/wp-json\/wp\/v2\/pages\/29484\/revisions"}],"predecessor-version":[{"id":29800,"href":"https:\/\/www.totemguard.com\/aulatotem\/wp-json\/wp\/v2\/pages\/29484\/revisions\/29800"}],"wp:attachment":[{"href":"https:\/\/www.totemguard.com\/aulatotem\/wp-json\/wp\/v2\/media?parent=29484"}],"curies":[{"name":"wp","href":"https:\/\/api.w.org\/{rel}","templated":true}]}}