{"id":29063,"date":"2025-07-30T17:10:33","date_gmt":"2025-07-30T16:10:33","guid":{"rendered":"https:\/\/www.totemguard.com\/aulatotem\/?page_id=29063"},"modified":"2025-11-25T14:47:44","modified_gmt":"2025-11-25T13:47:44","slug":"competencias-digitales-ia-docentes","status":"publish","type":"page","link":"https:\/\/www.totemguard.com\/aulatotem\/competencias-digitales-ia-docentes\/","title":{"rendered":"Competencias digitales IA para docentes: Gu\u00eda gratuita 2026"},"content":{"rendered":"<p><img decoding=\"async\"  class=\"op3-element__image op3-element-image__image\" src=\"https:\/\/www.totemguard.com\/aulatotem\/wp-content\/uploads\/2025\/07\/logo-academy-totemguard-1-1.png\" alt=\"academy-totemguard-logo\" title=\"logo-academy-totemguard-1 (1)\" width=\"450\" height=\"69\" data-op3-attachment-id=\"\" loading=\"eager\" fetchpriority=\"high\" \/><img decoding=\"async\"  class=\"op3-element__image op3-element-image__image\" src=\"https:\/\/www.totemguard.com\/aulatotem\/wp-content\/uploads\/2025\/07\/logo-academy-totemguard-1-1.png\" alt=\"academy-totemguard-logo\" title=\"logo-academy-totemguard-1 (1)\" width=\"450\" height=\"69\" data-op3-attachment-id=\"\" loading=\"eager\" fetchpriority=\"high\" \/><\/p>\n<h1>Domina las 16 competencias IA que todo docente necesita para prosperar en 2026<\/h1>\n<p>Aprende las habilidades que marcar\u00e1n la diferencia y transforma la forma en que ense\u00f1as y aprenden tus estudiantes.<\/p>\n<p><img decoding=\"async\"  class=\"op3-element__image op3-element-image__image\" src=\"https:\/\/www.totemguard.com\/aulatotem\/wp-content\/uploads\/2025\/09\/Xnapper-2025-09-01-20.50.55.png\" alt=\"testimonios-estrellas\" title=\"Xnapper-2025-09-01-20.50.55\" width=\"921\" height=\"215\" data-op3-attachment-id=\"29433\" loading=\"eager\" fetchpriority=\"high\" \/><img decoding=\"async\"  class=\"op3-element__image op3-element-image__image\" src=\"https:\/\/www.totemguard.com\/aulatotem\/wp-content\/uploads\/2025\/07\/b-book-competencias-ia-1024x748-1.png\" alt=\"Descarga gratuita gu&iacute;a competencias digitales IA docentes 2025\" title=\"B_book_competencias_IA\" width=\"1024\" height=\"748\" data-op3-attachment-id=\"3486\" loading=\"eager\" fetchpriority=\"high\" \/><img decoding=\"async\"  class=\"op3-element__image op3-element-image__image\" src=\"https:\/\/www.totemguard.com\/aulatotem\/wp-content\/uploads\/2025\/07\/b-book-competencias-ia-1024x748-1.png\" alt=\"Descarga gratuita gu&iacute;a competencias digitales IA docentes 2025\" title=\"B_book_competencias_IA\" width=\"1024\" height=\"748\" data-op3-attachment-id=\"3486\" loading=\"eager\" fetchpriority=\"high\" \/><\/p>\n<h2>&nbsp;Descarga tu gu\u00eda gratuita<\/h2>\n<p style=\"text-align: left;\">La IA cambia la forma en que buscamos informaci\u00f3n, ense\u00f1amos, evaluamos y trabajamos juntos. Pero, \u00bfc\u00f3mo adaptarte sin perder tu enfoque pedag\u00f3gico ni dedicar mucho tiempo?<\/p>\n<p style=\"text-align: left;\">Esta gu\u00eda te ayuda a entender qu\u00e9 competencias digitales necesitas, qu\u00e9 herramientas usar, compara modelos de IA y ofrece ejemplos educativos que te ahorran tiempo.<\/p>\n<p>He le\u00eddo y acepto la <a href=\"https:\/\/www.totemguard.com\/aulatotem\/politica-de-privacidad\/\" target=\"_blank\" style=\"color: rgb(60, 92, 117);\">pol\u00edtica de privacidad<\/a><a aria-label=\"Button link\" href=\"#\" class=\"op3-element__tcp--non-a op3-link op3-background-ancestor\" target=\"_self\"  data-op-action=\"link\" data-op-select-funnel-step=\"\" data-op3-smooth-scroll=\"0\" data-op-effect-style=\"\" data-op-effect-style-hover=\"\" data-op-courseaction=\"\">Accede a tu gu\u00eda gratuita<\/a><\/p>\n<p>Puedes darte de baja en cualquier momento f\u00e1cilmente.&nbsp;No nos gusta el spam<\/p>\n<h2>&nbsp;Esta gu\u00eda IA est\u00e1 basada en los principales marcos de competencia digital docente.<\/h2>\n<h2>&nbsp;Fundamento pedag\u00f3gico y \u00e9tico.<\/h2>\n<h2>Principios del Centro Europeo de Educaci\u00f3n Digital (CEED):<\/h2>\n<p><img decoding=\"async\"  class=\"op3-element__image op3-element-image__image\" src=\"https:\/\/www.totemguard.com\/aulatotem\/wp-content\/uploads\/2025\/07\/Ai4t.png\" alt=\"Ai4t logo\" title=\"Ai4t\" width=\"945\" height=\"296\" data-op3-attachment-id=\"29091\" loading=\"lazy\" \/><\/p>\n<p>Metodolog\u00eda para ense\u00f1ar con, sobre y para la IA de forma \u00e9tica y pedag\u00f3gicamente s\u00f3lida.<\/p>\n<h2>Marco DigCompEdu de la Uni\u00f3n Europea:<\/h2>\n<p><img decoding=\"async\"  class=\"op3-element__image op3-element-image__image\" src=\"https:\/\/www.totemguard.com\/aulatotem\/wp-content\/uploads\/2025\/07\/Digcompuedu-logo.png\" alt=\"Digcompuedu logo\" title=\"Digcompuedu logo\" width=\"366.664\" height=\"512\" data-op3-attachment-id=\"29089\" loading=\"lazy\" \/><\/p>\n<p>Marco oficial europeo que garantiza un enfoque riguroso y actualizado en competencias digitales educativas.<\/p>\n<h2>Marco UNESCO ICT CFT:<\/h2>\n<p><img decoding=\"async\"  class=\"op3-element__image op3-element-image__image\" src=\"https:\/\/www.totemguard.com\/aulatotem\/wp-content\/uploads\/2025\/07\/Flag_of_UNESCO.svg_.png\" alt=\"Flag_of_UNESCO logo\" title=\"Flag_of_UNESCO.svg\" width=\"900\" height=\"600\" data-op3-attachment-id=\"29090\" loading=\"lazy\" \/><\/p>\n<p>Est\u00e1ndares internacionales UNESCO para \u00e9tica en IA educativa y desarrollo profesional docente<\/p>\n<h2>\u00bfQu\u00e9 incluye la gu\u00eda?<\/h2>\n<p>49 p\u00e1ginas ilustradas con una explicaci\u00f3n detallada de cada competencia digital a adquirir y las mejores herramientas IA que te facilitar\u00e1n la aplicaci\u00f3n y el desarrollo de esa competencia.<\/p>\n<p><img decoding=\"async\"  class=\"op3-element__image op3-element-image__image\" src=\"https:\/\/www.totemguard.com\/aulatotem\/wp-content\/uploads\/2025\/07\/Foto-competencias-IA-docentes.png\" alt=\"Foto hojas competencias IA docentes\" title=\"Foto competencias IA docentes\" width=\"1140\" height=\"720\" data-op3-attachment-id=\"29101\" loading=\"lazy\" \/>Las competencias IA m\u00e1s demandadas por instituciones educativas en 2025C\u00f3mo buscar informaci\u00f3n con IA sin caer en alucinaciones ni depender de GoogleCu\u00e1ndo usar ChatGPT, Claude, Gemini o Perplexity y sus versiones seg\u00fan tu objetivo educativoC\u00f3mo formular buenas peticiones (prompts) para obtener respuestas \u00fatiles, precisas y adaptadas a tu alumnadoM\u00e9todos eficaces para verificar la informaci\u00f3n generada por IA y detectar erroresHerramientas pr\u00e1cticas para capturar, organizar y consultar informaci\u00f3n digital con IAHerramientas para generar presentaciones, v\u00eddeos, infograf\u00edas, evaluaciones, m\u00fasica o im\u00e1genes con apoyo de la IA (sin saber dise\u00f1o ni programaci\u00f3n)Plataformas con IA para crear recursos interactivos, podcasts o res\u00famenes de reuniones educativasPrincipios clave de seguridad, privacidad y \u00e9tica al usar IA en el aula o con estudiante.Derechos de autor en entornos digitales con y sin IA: qu\u00e9 se puede usar, compartir o generarPersonalizar el aprendizaje gracias a plataformas con IA que adaptan itinerarios autom\u00e1ticamenteQu\u00e9 herramientas de colaboraci\u00f3n educativa incluyen asistentes de IAY muchos m\u00e1s recursos para transformar tu pr\u00e1ctica docente sin perder el foco pedag\u00f3gico<img decoding=\"async\"  class=\"op3-element__image op3-element-image__image\" src=\"https:\/\/www.totemguard.com\/aulatotem\/wp-content\/uploads\/2020\/02\/meritxell-vinas-round2-300x300-1.png\" alt=\"meritxell-vinas-foto\" title=\"meritxell-vinas-round2-300x300-1\" width=\"300\" height=\"300\" data-op3-attachment-id=\"21478\" loading=\"lazy\" \/><\/p>\n<p>Gu\u00eda confeccionada por Meritxell Vi\u00f1as. Asesora y formadora especializada en tecnolog\u00eda educativa e inteligencia artificial aplicada a la ense\u00f1anza y al aprendizaje.&nbsp;<\/p>\n<p>Ense\u00f1a en <a href=\"https:\/\/www.totemguard.com\/aulatotem\/\" target=\"_blank\" style=\"color: rgb(60, 92, 117);\">Academy TotemGuard<\/a> y es la creadora de <a href=\"https:\/\/academy.totemguard.com\/\" target=\"_blank\" style=\"color: rgb(60, 92, 117);\">TotemAI<\/a><\/p>\n<p>Contacta con nosotros en:&nbsp;&nbsp;<\/p>\n<p>Tel: +34932000088&nbsp;&nbsp;<\/p>\n<p>comunicacion@totemguard.com&nbsp;&nbsp;<\/p>\n<p><img decoding=\"async\"  class=\"op3-element__image op3-element-image__image\" src=\"https:\/\/www.totemguard.com\/aulatotem\/wp-content\/uploads\/2025\/04\/TotemAI.png\" alt=\"TotemAI logo\" title=\"TotemAI\" width=\"1201\" height=\"631\" data-op3-attachment-id=\"28814\" loading=\"lazy\" \/><\/p>\n<p>Todos los derechos reservados<\/p>\n<p style=\"text-align: right;\">2025 \u00a9 Academy TotemGuard&nbsp;&nbsp;&nbsp;<\/p>\n","protected":false},"excerpt":{"rendered":"<p>Domina las 16 competencias IA que todo docente necesita para prosperar en 2026 Aprende las habilidades que marcar\u00e1n la diferencia y transforma la forma en que ense\u00f1as y aprenden tus estudiantes. &nbsp;Descarga tu gu\u00eda gratuita La IA cambia la forma en que buscamos informaci\u00f3n, ense\u00f1amos, evaluamos y trabajamos juntos. Pero, \u00bfc\u00f3mo adaptarte sin perder tu [&hellip;]<\/p>\n","protected":false},"author":1,"featured_media":29067,"parent":0,"menu_order":0,"comment_status":"closed","ping_status":"closed","template":"op_builder_blank","meta":{"jetpack_post_was_ever_published":false,"footnotes":""},"class_list":["post-29063","page","type-page","status-publish","has-post-thumbnail","hentry"],"aioseo_notices":[],"jetpack_sharing_enabled":true,"_links":{"self":[{"href":"https:\/\/www.totemguard.com\/aulatotem\/wp-json\/wp\/v2\/pages\/29063","targetHints":{"allow":["GET"]}}],"collection":[{"href":"https:\/\/www.totemguard.com\/aulatotem\/wp-json\/wp\/v2\/pages"}],"about":[{"href":"https:\/\/www.totemguard.com\/aulatotem\/wp-json\/wp\/v2\/types\/page"}],"author":[{"embeddable":true,"href":"https:\/\/www.totemguard.com\/aulatotem\/wp-json\/wp\/v2\/users\/1"}],"replies":[{"embeddable":true,"href":"https:\/\/www.totemguard.com\/aulatotem\/wp-json\/wp\/v2\/comments?post=29063"}],"version-history":[{"count":88,"href":"https:\/\/www.totemguard.com\/aulatotem\/wp-json\/wp\/v2\/pages\/29063\/revisions"}],"predecessor-version":[{"id":29747,"href":"https:\/\/www.totemguard.com\/aulatotem\/wp-json\/wp\/v2\/pages\/29063\/revisions\/29747"}],"wp:featuredmedia":[{"embeddable":true,"href":"https:\/\/www.totemguard.com\/aulatotem\/wp-json\/wp\/v2\/media\/29067"}],"wp:attachment":[{"href":"https:\/\/www.totemguard.com\/aulatotem\/wp-json\/wp\/v2\/media?parent=29063"}],"curies":[{"name":"wp","href":"https:\/\/api.w.org\/{rel}","templated":true}]}}