{"id":25302,"date":"2023-02-01T17:07:55","date_gmt":"2023-02-01T16:07:55","guid":{"rendered":"https:\/\/www.totemguard.com\/aulatotem\/?page_id=25302"},"modified":"2025-07-31T15:18:19","modified_gmt":"2025-07-31T14:18:19","slug":"ebook-crear-infografia-guia-docentes","status":"publish","type":"page","link":"https:\/\/www.totemguard.com\/aulatotem\/ebook-crear-infografia-guia-docentes\/","title":{"rendered":"Infograf\u00edas en educaci\u00f3n: Gu\u00eda pr\u00e1ctica para docentes"},"content":{"rendered":"<p>INFOGRAF\u00cdAS EN EDUCACI\u00d3N: GU\u00cdA PR\u00c1CTICA para docentes<\/p>\n<h1>Aprovecha el poder de las infograf\u00edas para transformar tus clases y potenciar el aprendizaje de los alumnos&nbsp;<\/h1>\n<p><img decoding=\"async\"  class=\"op3-element__image op3-element-image__image\" src=\"https:\/\/www.totemguard.com\/aulatotem\/wp-content\/uploads\/2023\/02\/e-book-cover-mockup-INFOGRAFIA-833x1024.png\" alt=\"e-book-cover-mockup--INFOGRAFIA\" title=\"e-book-cover-mockup--INFOGRAFIA\" width=\"833\" height=\"1024\" data-op3-attachment-id=\"25337\" loading=\"lazy\" \/><\/p>\n<p>Con esta gu\u00eda te ayudo a iniciarte en la creaci\u00f3n de infograf\u00edas y c\u00f3mo involucrar a tus estudiantes a crear las suyas propias para mejorar sus resultados acad\u00e9micos.<\/p>\n<p>El 84% de los estudiantes retiene y comprende el material de forma m\u00e1s eficaz cuando se presenta con ilustraciones, im\u00e1genes, formas gr\u00e1ficas, infograf\u00edas y diagramas*.<\/p>\n<p style=\"text-align: right;\">*Effects of Infographics on Student Achievement and Students&#8217; Perceptions of the Impacts of Infographics.&nbsp;Dr. Noura Shabak Alrwele<\/p>\n<p>Ofrece un enfoque did\u00e1ctico m\u00e1s flexibleDesarrolla nuevas competencias digitalesOrganiza la informaci\u00f3n de forma m\u00e1s visual y estructurada para aumentar su memoriaMejora tu reputaci\u00f3n y credibilidad con pr\u00e1cticas docentes m\u00e1s efectivas<\/p>\n<p>Obt\u00e9n tu ebook gratuito<\/p>\n<p>He leido y acepto la <a href=\"https:\/\/www.totemguard.com\/aulatotem\/politica-de-privacidad\/\" target=\"_blank\">pol\u00edtica de privacidad<\/a><a href=\"#\" class=\"op3-link op3-background-ancestor\" target=\"_self\"  data-op-action=\"link\" data-op-select-funnel-step=\"\" data-op3-smooth-scroll=\"0\" data-op-effect-style=\"\" data-op-effect-style-hover=\"\" data-op-courseaction=\"\">descarga ahora<\/a><\/p>\n<h2>Qu\u00e9 encontrar\u00e1s en esta gu\u00eda gratuita<\/h2>\n<p>BENEFICIOS DE USAR INFOGRAF\u00cdAS EN EDUCACI\u00d3NEJEMPLOS DE INFOGRAF\u00cdAS EDUCATIVAS PARA INSPIRARTEPAUTAS DE DISE\u00d1O PARA UNA INFOGRAF\u00cdA EFICIENTEIDEAS PARA USAR INFOGRAF\u00cdAS EN CLASERECURSOS WEB GRATUITOS PARA CREAR INFOGRAF\u00cdASBASES DE DATOS GRATUITASHERRAMIENTAS WEB GRATUITAS PARA CREAR INFOGRAF\u00cdAS<a class=\"op3-link op3-background-ancestor\" target=\"_self\"  data-op-action=\"popoverlay\" data-op-popoverlay-trigger=\"gPngL1HJ\" data-op-select-funnel-step=\"\" data-op3-smooth-scroll=\"0\" data-op-effect-style=\"\" data-op-effect-style-hover=\"\" data-op-courseaction=\"\" href=\"#\">s\u00ed, ME INTERESAn APRENDER M\u00c1S<\/a><img decoding=\"async\"  class=\"op3-element__image op3-element-image__image\" src=\"https:\/\/www.totemguard.com\/aulatotem\/wp-content\/uploads\/2020\/12\/Meritxell_vinas-scaled.jpg\" alt=\"\" title=\"Meritxell_vinas\" width=\"2547\" height=\"2560\" data-op3-attachment-id=\"23983\" loading=\"lazy\" \/><\/p>\n<p>\u00bfsab\u00edas que&#8230;<\/p>\n<h2>las infograf\u00edas pueden ser una herramienta efectiva de aprendizaje?<\/h2>\n<p>&#8211; Mejoran la motivaci\u00f3n al presentar la informaci\u00f3n de forma m\u00e1s visual, atractiva y f\u00e1cil de entender.<\/p>\n<p>&#8211; Aumentan la retenci\u00f3n: El uso de im\u00e1genes y diagramas puede ayudar a los estudiantes a recordar la informaci\u00f3n de manera m\u00e1s eficaz<\/p>\n<p>&#8211; Desarrollan la creatividad:&nbsp;Ayuda a fomentar el pensamiento cr\u00edtico y la capacidad para resolver problemas y&nbsp;expresar la comprensi\u00f3n de un tema de una manera visual.&nbsp;<\/p>\n<p>gu\u00eda pr\u00e1ctica gratuita para crear infograf\u00edas<\/p>\n<h2>No hace falta que busques m\u00e1s, todo lo que necesitas en un s\u00f3lo lugar&nbsp;&nbsp;<\/h2>\n<p><a class=\"op3-link op3-background-ancestor\" target=\"_self\"  data-op-action=\"popoverlay\" data-op-popoverlay-trigger=\"gPngL1HJ\" data-op-select-funnel-step=\"\" data-op3-smooth-scroll=\"0\" data-op-effect-style=\"\" data-op-effect-style-hover=\"\" data-op-courseaction=\"\" href=\"#\">descarga tu ebook gratuito<\/a><\/p>\n<p>\u00a9&nbsp;Academy TotemGuard 2024<\/p>\n","protected":false},"excerpt":{"rendered":"<p>INFOGRAF\u00cdAS EN EDUCACI\u00d3N: GU\u00cdA PR\u00c1CTICA para docentes Aprovecha el poder de las infograf\u00edas para transformar tus clases y potenciar el aprendizaje de los alumnos&nbsp; Con esta gu\u00eda te ayudo a iniciarte en la creaci\u00f3n de infograf\u00edas y c\u00f3mo involucrar a tus estudiantes a crear las suyas propias para mejorar sus resultados acad\u00e9micos. El 84% de [&hellip;]<\/p>\n","protected":false},"author":2,"featured_media":25308,"parent":0,"menu_order":0,"comment_status":"closed","ping_status":"closed","template":"op_builder_blank","meta":{"jetpack_post_was_ever_published":false,"footnotes":""},"class_list":["post-25302","page","type-page","status-publish","has-post-thumbnail","hentry"],"aioseo_notices":[],"jetpack_sharing_enabled":true,"_links":{"self":[{"href":"https:\/\/www.totemguard.com\/aulatotem\/wp-json\/wp\/v2\/pages\/25302","targetHints":{"allow":["GET"]}}],"collection":[{"href":"https:\/\/www.totemguard.com\/aulatotem\/wp-json\/wp\/v2\/pages"}],"about":[{"href":"https:\/\/www.totemguard.com\/aulatotem\/wp-json\/wp\/v2\/types\/page"}],"author":[{"embeddable":true,"href":"https:\/\/www.totemguard.com\/aulatotem\/wp-json\/wp\/v2\/users\/2"}],"replies":[{"embeddable":true,"href":"https:\/\/www.totemguard.com\/aulatotem\/wp-json\/wp\/v2\/comments?post=25302"}],"version-history":[{"count":42,"href":"https:\/\/www.totemguard.com\/aulatotem\/wp-json\/wp\/v2\/pages\/25302\/revisions"}],"predecessor-version":[{"id":29200,"href":"https:\/\/www.totemguard.com\/aulatotem\/wp-json\/wp\/v2\/pages\/25302\/revisions\/29200"}],"wp:featuredmedia":[{"embeddable":true,"href":"https:\/\/www.totemguard.com\/aulatotem\/wp-json\/wp\/v2\/media\/25308"}],"wp:attachment":[{"href":"https:\/\/www.totemguard.com\/aulatotem\/wp-json\/wp\/v2\/media?parent=25302"}],"curies":[{"name":"wp","href":"https:\/\/api.w.org\/{rel}","templated":true}]}}